 - -5)/1. Let w be 0 - (21/o + -2)*-12. Suppose -w*n + 1838 = -i - 3208, n + 3*i = 1255. Is n composite?
True
Suppose -j + 1 = -3*r, -2*r - 19 = -4*j - 5*r. Suppose 0 = 2*a + m - 9415, -13079 = -4*a - j*m + 5745. Is a a composite number?
True
Let w = 53736 + -37799. Is w composite?
False
Let x be (62/2)/((-25)/250). Let a = 69 + x. Let z = -128 - a. Is z prime?
True
Let k(z) = 3*z - 23. Let v be k(9). Suppose -3*a - 7621 = -v*a. Is a composite?
False
Let t(p) = -67*p**2 - 6 + 7*p - 5 + 69*p**2 + 22*p**3. Is t(4) prime?
False
Suppose -7*f + 9*f - 22 = 0. Suppose 0 = -f*l + 20*l - 207. Is l a composite number?
False
Let x(r) = 31*r**2 - 5*r + 13. Let t be ((-5)/(80/(-776)))/(1/2). Suppose 91*h = t*h - 36. Is x(h) a composite number?
True
Suppose 4*f - 5796038 - 2862813 = -5*s, -8658831 = -5*s + f. Is s composite?
False
Suppose -5*r - 32 = 18. Let j be (-12)/(-120) + 2801/r. Let o = 575 + j. Is o a composite number?
True
Let l be (11 + 27)*(-194)/(-4). Suppose p - l = -2*r, -2*r + p + 1840 = -p. Is r a composite number?
True
Let t(v) = 2*v**3 + 5*v**2 - 12*v - 7. Let g be t(-6). Let y be (1 - 1) + -3 + (6 - g). Let q = y - 104. Is q a prime number?
False
Let a(z) = -229*z + 4. Suppose 4*p - p - 78 = 0. Let j be (p/39)/((-4)/18). Is a(j) prime?
True
Suppose -78*j + 9674919 = -29*j + 642112. Is j prime?
False
Suppose 168 = -4*d - 68. Let f be (-1816 - -1)*122/(-183). Let u = f + d. Is u a prime number?
True
Let w = 708 + 9279. Is w a prime number?
False
Is ((-6318009)/54 - 3/9)/((-4)/8) a composite number?
True
Let m(l) = -6*l + 32. Let o be m(12). Let u = 604 + o. Is 207/6*u/18 a prime number?
False
Let b(n) = n**2 - 15*n + 4. Let i be b(15). Suppose -2*v = -2*h + 3 + 9, i*h + 3*v = 24. Suppose 3882 + 840 = h*p. Is p composite?
False
Suppose 4*n - 3445 = -1093. Let d = 711 + n. Suppose -5*m + 646 + d = 0. Is m a prime number?
True
Let y = -40478 + 607859. Is y a prime number?
False
Let t(f) = 1410*f**3 - 2*f**2 + 1. Let x(g) = g**3 + 2*g**2 + 3*g - 5. Let s be x(1). Is t(s) composite?
False
Suppose -2*a + 3*o + 151421 = 0, 0*o + 75711 = a - 2*o. Is a a prime number?
True
Let k(l) = l**3 - 18*l**2 - 39*l - 2. Let p be k(26). Suppose -p + 31118 = 14*g. Is g a prime number?
False
Let u(b) = -1206*b + 593. Is u(-62) a prime number?
False
Let t = -253 + 2058. Suppose 360*l - 177 = 146*l + 155*l. Is l/2*(7 - t/(-15)) a composite number?
False
Let a be 32122/7 - (-31)/217. Suppose 6*l - 23753 = -a. Is l prime?
False
Suppose 55*r - 45*r - 69600 = 0. Let s = 6149 + r. Is s a prime number?
True
Let a = -3080 + 4677. Is a a composite number?
False
Is (-30)/(-21) - 591010334/(-854) a composite number?
False
Let p(a) = 292*a**2 - 57*a - 119. Is p(10) composite?
True
Let a(b) = 31*b**2 - 18*b + 1. Let y(r) = -32*r**2 + 19*r - 2. Let c(d) = 5*a(d) + 4*y(d). Is c(10) composite?
False
Let r(m) = -m**3 + 92*m**2 - 22*m - 342. Is r(83) a composite number?
False
Let f be (-814)/4*(13 + -11). Let c = f + 672. Is c a composite number?
True
Suppose q = -3*q + 16, 0 = 2*s - 2*q + 20. Is 509 + 4/3*s prime?
False
Let i(z) = 9133*z**2 - 28*z + 145. Is i(4) a composite number?
False
Let g(v) = 26651*v - 829. Is g(6) a composite number?
True
Suppose 4*a - 4*k - 351220 = 0, -3*a - 2*k + 332411 = 69026. Is a a composite number?
True
Let j be 3/2*(25/3 - 9). Let r(h) = 0 + 674*h**2 + 1 - 2. Is r(j) composite?
False
Let r(d) = -226*d - 29. Let a be r(-3). Suppose 2*z - a = -5*m + 1779, 2*z - 2440 = m. Is z a composite number?
True
Let a be 38/5 - (54/(-10) + 6). Let q(u) = -523*u + 7. Let y be q(-6). Suppose -a*w + y = -2*w. Is w a composite number?
True
Is (-8 + 4)/4*-496681 prime?
True
Let h be 5876260/115 + 4/46. Suppose 17*s - 20*s + 5*y = -h, 2*s = -4*y + 34036. Is s prime?
False
Suppose 344*s = 345*s - 5*q - 160199, -q = -4*s + 640796. Is s composite?
True
Let b(x) be the first derivative of 31*x**3/3 + 2*x**2 + 7*x - 3. Let g(u) = u**3 + 7*u**2 + 6*u - 4. Let f be g(-6). Is b(f) a prime number?
True
Let l(x) = -7414*x**3 + 3*x**2 + 3*x. Let r be l(-1). Suppose 3*a = -r - 3905. Let f = -2410 - a. Is f a composite number?
True
Suppose -3950*u + 3925*u = -16489775. Is u a prime number?
True
Let a be 3*(38/57 - (-32 + -2)). Suppose 0 = -a*x + 77*x + 219969. Is x prime?
True
Is 435790 + 14/(5 - -9) a prime number?
False
Let a be (296/10)/(66/16995). Suppose -7548 = -10*j + a. Is j a prime number?
False
Suppose 0 = 58*s - 36*s - 4816702. Is s a composite number?
False
Suppose -2*u + 651456 = -561*j + 556*j, 0 = -4*u + 3*j + 1302926. Is u composite?
True
Let b(q) = 20494*q + 193. Is b(6) composite?
True
Let z(x) = 3*x + 4 + 3*x - 6*x - 3*x. Let j be z(0). Is (9 - 5)*111/j prime?
False
Let j(w) = 12*w**3 - w + 1. Let q be j(-2). Let m = -174 - q. Let h = m - -758. Is h a prime number?
True
Suppose 0*g - 33 = 3*g + 3*k, -k = -3*g - 25. Let u(p) = -210*p - 6. Let s be u(g). Suppose 471 = v - 2*y, -3*y - y = -4*v + s. Is v prime?
False
Let t(j) be the third derivative of j**7/140 + 11*j**6/720 + j**5/5 + 12*j**2. Let o(k) be the third derivative of t(k). Is o(17) composite?
True
Suppose 2535 + 9297 = 2*v. Let t = 6091 + v. Is t a prime number?
True
Let f(p) = -700*p - 269. Is f(-25) composite?
False
Suppose 451338 = 3*w + 4*w - 5*g, -5*w + 322378 = -2*g. Is w composite?
True
Let q(a) = 15*a**2 + 16*a - 1. Let c be q(-13). Suppose -5*y - 2*f + c = 419, 2*y - 4*f = 782. Is (y/(-3))/((-4)/42)*2 a prime number?
False
Let m(t) = -t**3 - 3*t - 1. Let u(y) = -3*y**3 + 6*y**2 - 14*y - 8. Let z(p) = -4*m(p) + u(p). Is z(13) a prime number?
True
Suppose -7*j + 11*j - 58620 = 4*z, -2*z = -8. Is j a prime number?
False
Let s(k) = k**3 + 5*k**2 + 3*k - 1. Let m be s(-2). Let b be ((-8)/m)/(6/(-45)). Is -2*((-16)/24 - 3946/b) a composite number?
False
Let q = 84967 + -27888. Is q a composite number?
True
Let a be 0*2*2/4. Let y(g) be the first derivative of -g**4/4 - g**3/3 + g**2/2 + 37*g - 295. Is y(a) composite?
False
Let i = -77 - -75. Let r be 912 - (i - 3)/1. Suppose -15*o - r = -16*o. Is o prime?
False
Let f(j) = 3*j**2 - 24 + 15*j - 4*j**2 - 2. Let s be f(13). Suppose -2*o + 5*o - 4*m - 785 = s, -2*m = o - 255. Is o a prime number?
False
Suppose u = -0*f + 2*f - 6660, -2*f + 2*u + 6660 = 0. Let v = f + -1969. Is v a composite number?
False
Let g be 44*5372/8 + 0 + -1. Let b = g + -14076. Is b prime?
False
Let l = -103 - -119. Suppose 2*r - 12 = -2*w, -r + 6*r - l = 2*w. Is (r - -373) + 5 + -3 a composite number?
False
Let m be 3*2*1/(-3). Is m + (12*2041)/4 a composite number?
False
Let u be (-4 + -1)/5 + 7/(-1). Let f be ((32808/(-32))/((-2)/u))/(-1). Suppose 5*l + 0*l + 3*i - 4073 = 0, -f = -5*l + 4*i. Is l prime?
False
Let q(x) = -5196*x + 2291. Is q(-31) a prime number?
True
Let b = -71435 + 124494. Is b composite?
True
Let n(d) = -369*d + 50. Suppose -2*x = -14*x - 36. Is n(x) composite?
True
Suppose 0 = -12*r + 9*r - 59553. Let t = r - -75164. Is t a prime number?
True
Suppose 0 = 4*l + 3*w + 1887, -2*w - 446 - 22 = l. Let h = l + 697. Is h a prime number?
True
Let y be 618/(-51) + 22 - (-1 + (-45)/(-51)). Suppose 5*x + 7724 = -3241. Let b = y - x. Is b a composite number?
False
Suppose -23*w - 2771393 = -66*w. Is w prime?
True
Suppose 7*q = -1567 + 10051. Let a = 1823 - q. Is a a prime number?
False
Suppose 42 = 4*a + z, 0*a = -3*a + 2*z + 37. Let v(f) = 2*f**3 - 15*f**2 + 18*f - 36. Is v(a) prime?
True
Suppose 28*d - 3533062 = -180818. Is d composite?
False
Is (1 + 15/(-9))/((-174)/61809759) a composite number?
True
Let k = 246 + -210. Suppose -38741 = 17*m - k*m. Is m a prime number?
True
Let l(v) = -1845*v**3 + 23*v**2 + 35*v + 1. Is l(-2) composite?
False
Suppose m = 5*m. Suppose m = -9*k + 4*k + 21255. Let a = -2358 + k. Is a prime?
False
Suppose -5*t - 2*k - 27 = 0, -t - t - 2 = 3*k. Let r = t + 15. Let p(h) = 19*h**2 - 6*h - 11. Is p(r) prime?
False
Suppose -3*n + 6*n - s + 500 = 0, 2*n = -5*s - 305. Let l(q) = 8*q**3 + 5*q**2 + 5*q - 14. Let u be l(3). Let m = u + n. Is m prime?
True
Suppose u - 22261 + 3328 = 0. Suppose 4*s + 40*l - 38*l = 25248, 3*s = -3*l + u. Is s a prime number?
False
Let q(f) = 171*f**2 + 3*f - 9. Let p be q(-6). Suppose -3*j + 3732 = -p. Let g = j + -1416. Is g a prime number?
True
Let b be (-5*(-3)/45)/((-1)/9). Let g be (-2 - 1)*(-1)/3 - b. Sup